?
3, 61
Let s(f) = -10*f**3 - 8*f**2 - 6*f - 7. Let j(q) = -20*q**3 - 15*q**2 - 10*q - 14. Let n(v) = 3*j(v) - 5*s(v). What are the prime factors of n(-5)?
2, 13, 43
Suppose -11*v + 2070 = -1912. Let i be 4/18 + 3300/(-27). Let k = i + v. List the prime factors of k.
2, 3, 5
Let g(q) = -2*q**2 + 57*q + 30. Let b(v) = v**3 - 19*v**2 + 28. Let l be b(19). Let t be g(l). Suppose 0 = 5*a - 212 - t. What are the prime factors of a?
2, 3
Suppose 0 = 4*y - 1718 - 4482. Suppose -n = n - y. List the prime factors of n.
5, 31
List the prime factors of (-331 - 63)*2/(-4).
197
Let o = 227 + 244. Let j = -1034 - -708. Let x = o + j. What are the prime factors of x?
5, 29
Suppose 0 = 21*v - 25*v - 3*q + 32042, 2*v + 2*q - 16022 = 0. What are the prime factors of v?
8009
Let n(s) = -5*s - 6. Let m be n(-2). Suppose -3*q + 4*w + 725 = 0, 3*q + m*w = 315 + 442. List the prime factors of q.
13, 19
Let l(d) be the first derivative of -71*d**2 + 3*d + 9. Let q be l(-6). Suppose -q = -12*t + 7*t. What are the prime factors of t?
3, 19
Let c(k) = 81946*k**2 + 695*k - 693. What are the prime factors of c(1)?
2, 3, 6829
Let q(c) = -30*c**3 + 4*c**2 + 5*c + 2. Let b be q(-1). Suppose 2*r - 104 = -2*u, 4*r + 26 = u - b. Suppose k - u - 235 = 0. What are the prime factors of k?
2, 3
Let w = 35001 + -22401. List the prime factors of w.
2, 3, 5, 7
Let k = -3243 + 15714. What are the prime factors of k?
3, 4157
Let x be (4/6)/(1/3). Suppose -2*w + 3*p + x*p + 319 = 0, 0 = 3*w + 4*p - 444. List the prime factors of w.
2, 19
What are the prime factors of 332/1494 - (-52178)/18?
13, 223
Let z be 27780 - (-7 - (4 - 9))*-2. Suppose -2*x + z = 14*x. List the prime factors of x.
2, 7, 31
Let q(o) = -154*o**3 + 7*o**2 + 16*o - 129. Let g be q(5). List the prime factors of (2/4)/1*g/(-7).
2, 683
Let p(s) = 4*s**3 + 2*s**2 - 4*s + 1. Let g be p(1). Suppose 8*t - 385 = -i + 3*t, 3*i + g*t - 1143 = 0. List the prime factors of i.
2, 5, 19
Let y(r) = r**2 + 15*r + 1. Let k be y(-15). Let s be k/((33/(-30))/(-11)). Suppose 185 = s*w - 975. What are the prime factors of w?
2, 29
Let i(r) = r**2 + 4*r - 41. Let f be ((-10)/(-6) - 1)/(4/24). Suppose -f*w = 4*w + 104. What are the prime factors of i(w)?
2, 19
Let k = 796 + -301. Suppose -3*t + 483 = -3*p, t = -0*p - 3*p - k. Let u = p + 343. List the prime factors of u.
179
Suppose -3*h - 8431 = -3*a - 28138, 5*h - 32831 = -2*a. What are the prime factors of h?
3, 11, 199
Suppose 22 = 2*c - y, 4*c - 12 = 3*y + 34. Let d = c - 121. Let t = 180 + d. What are the prime factors of t?
3, 23
Let v(b) = -2*b + 7. Let h(l) = -l + 6. Let s(k) = -6*h(k) + 5*v(k). Let w be s(-1). What are the prime factors of ((-501)/3 - w)/(2/(-2))?
2, 5, 17
Let a be 6885/20 + -4*(-12)/64. Let j = a - 163. What are the prime factors of j?
2, 7, 13
Suppose -4*v = -5*j + 20, 5*v + 81 - 56 = 4*j. Suppose j = -2*u + 5*s + 2238, -4*u - 5*s + 1698 + 2748 = 0. List the prime factors of u.
2, 557
Suppose 0 = 3*k - 3*v - 184 + 649, 0 = -k + 2*v - 156. List the prime factors of 44/k + (-1136)/(-7).
2, 3
Suppose 243*r - 242*r = -w + 55034, 110012 = 2*w - 5*r. List the prime factors of w.
2, 3, 1019
Suppose -4*t + 4555 = -3*w, 2*w - 5687 = -5*t - w. Suppose 5*n + q = t, 0 = 3*n - 2*q - 646 - 29. What are the prime factors of n?
227
What are the prime factors of (1098/15)/((969/22990)/17)?
2, 11, 61
Let k(b) = 5*b**3 + 5*b**2 + 14*b - 16. Let v(u) = 4*u**3 + 4*u**2 + 12*u - 15. Let c(r) = 3*k(r) - 4*v(r). What are the prime factors of c(-4)?
2, 3, 7
Suppose -12*s + 105 = -39. What are the prime factors of 7/((-728)/3040 + 3/s)?
5, 7, 19
List the prime factors of 58294/(-4 - (-21 + 15)).
29147
Suppose 6*w - 15 = w. Suppose -25*m + w = -24*m. Suppose 4*n + 3*b - 193 = 0, 0 = 5*n + m*b - 6*b - 248. What are the prime factors of n?
7
Suppose 0 = 57*f - 50*f - 66612. Suppose -10*o + f = 16*o. What are the prime factors of o?
2, 3, 61
Suppose 0 = b - 4*b + h + 169156, -2*b + 5*h = -112762. What are the prime factors of b?
2, 11, 233
Let y(x) = x**2 + 8*x - 25. Suppose 4*s - 3 + 47 = 0. Let a be y(s). Let d(k) = 3*k + 1. What are the prime factors of d(a)?
5
Suppose 32*k = 26*k + 12. List the prime factors of (k - -1)/(48/8560).
5, 107
Let w(h) = h**2 + 23*h + 46. Let k be w(-21). Suppose 68 + 348 = k*s. List the prime factors of s.
2, 13
Suppose 3 = 3*s - 3. List the prime factors of ((-3)/(-2))/(s/144).
2, 3
Suppose 2*d - 2846 - 1408 = 102. List the prime factors of d.
2, 3, 11
Let r be (9541/87)/((-2)/(-6)). List the prime factors of r*4*1/4.
7, 47
Let y(o) = 4*o**2 + 37*o + 11. Let x(w) = 24*w + 82. Let h be x(-4). What are the prime factors of y(h)?
277
Let d be (-12)/6 + 0*1/3. List the prime factors of (16890/(-120))/(d/8).
563
Suppose 2*a - 5 = -1. Suppose -a*d - 3 = -7. Suppose 0 = -4*h + 2*u + 406, d*h + u + 503 = 7*h. What are the prime factors of h?
2, 5
Let y = 445 + -5. What are the prime factors of 9/2*y*10/30?
2, 3, 5, 11
Suppose 4*n + 8 - 24 = 0, -24 = -5*s + 4*n. Let w = s - 6. Suppose -4*a + 26 = 2*b, -5*b + 16 + 9 = w*a. List the prime factors of b.
3
Suppose -22*t + 317844 = 59*t. List the prime factors of t.
2, 3, 109
Let r(q) = 2*q**2 - 17*q + 15. Let m be r(8). Let a(u) = u**3 - 7*u - 10. What are the prime factors of a(m)?
2, 71
Let u(g) = -34*g + 3. Let i be u(4). Let y be 38/(((-6)/(-9))/(2/(-3))). Let x = y - i. List the prime factors of x.
5, 19
Let b = -3 - -10. Suppose 1431 - 669 = 2*q. Suppose 10*u - b*u = q. What are the prime factors of u?
127
Let w(f) = 7*f - 22. Let u = -29 - -40. Let j be w(u). Let m = j - -19. List the prime factors of m.
2, 37
Let s = 57 - 55. Suppose -s*u + 936 = v - 3*v, 0 = 4*u + 3*v - 1858. What are the prime factors of u?
2, 233
Let k(c) = 99*c + 2172. What are the prime factors of k(22)?
2, 3, 5, 29
Let u = -117 + 123. Suppose 3*r - b - 1100 = 0, r - 3*b = u*r - 1852. List the prime factors of r.
2, 23
Let q(p) = -p**3 - 27*p**2 - 38*p - 62. Let g = -46 - -7. Let i = 13 + g. What are the prime factors of q(i)?
2, 5
Suppose 12*d - 18 = 3*d. What are the prime factors of (-4)/(-12 + 4)*d*677?
677
Suppose 13*f = -174 + 252. Let p(i) = 24*i**2 - 19*i + 71. What are the prime factors of p(f)?
821
Suppose -120*q = 54147 - 483987. List the prime factors of q.
2, 3, 199
Suppose 0 = -2*v - 5*x + 7547, -v = v + 3*x - 7537. Let z = -2513 + v. List the prime factors of z.
2, 3, 13
Let l(i) = -2 + i + i**2 + 98*i**3 - 92*i**3 - i**2. List the prime factors of l(2).
2, 3
Suppose -4*t = -28*m + 33*m, 2*m - 17 = -5*t. Suppose f + t*j - 936 = -3*f, -5*j = 0. List the prime factors of f.
2, 3, 13
Suppose -3*l + 143 = 2*l - c, 2*l - 7*c = 44. Let w be ((-14)/6 - -1)*-66. Let t = w - l. What are the prime factors of t?
59
Let c be (6/(-4) - (-195)/30) + -5. Suppose -4*p - 3*t + 910 = 0, p + 0*p + 4*t - 234 = c. What are the prime factors of p?
2, 113
Let m = 89990 - 51219. List the prime factors of m.
137, 283
Let u(g) = g**3 + 40*g**2 + 36*g - 82. What are the prime factors of u(-35)?
4783
Let o(f) = 36*f**3 - 17*f**2 + 61*f + 199. List the prime factors of o(9).
5, 47, 109
Suppose z + 3*z + 5*m - 57 = 0, -4*z - 4*m + 56 = 0. Let j be (16/(-4) - -2) + z. Suppose j*f + 744 = 15*f. What are the prime factors of f?
2, 3, 31
Let o be (-15*8/(-12))/2. Let y be 7/o + (-6)/15. Let l = y + 16. List the prime factors of l.
17
Let f = 10213 + -4801. List the prime factors of f.
2, 3, 11, 41
Suppose 25*j = 2840713 - 572263. List the prime factors of j.
2, 3, 71
Let v be (5/(-3) + 2)*3. Suppose 3*z + 17 + 54 = -5*r, 2*r + 2 = 0. List the prime factors of (0 + v - 8)*(14 + z).
2, 7
Let m(s) = 336*s - 138*s + 1 + 280*s. What are the prime factors of m(1)?
479
Let w(m) = 7*m**3 - 32*m**2 - 19*m - 15. Let q be w(-7). Let g = 5588 + q. What are the prime factors of g?
3, 193
Let t be 34/204 - 26206/(-12). Suppose -4*r + 2*r + 5*x = -1104, -4*r = -4*x - t. What are the prime factors of r?
2, 271
Suppose 1625 = 6*r - r. Suppose 0*f - 985 = -3*q - 5*f, q + 5*f - r = 0. What are the prime factors of q?
2, 3, 5, 11
Let u(s) = s**3 + 38*s**2 + 24*s - 90. Let t be u(-37). Let v = 737 - t. List the prime factors of v.
2, 173
Let z(j) = j**3 + 7*j**2 + 7*j + 9. Let l be z(-6). Suppose -7*k + t - 441 = -9*k, -l*k = 3*t - 663. What are the prime factors of k?
2, 5, 1